{"id":3,"date":"2021-10-15T09:30:40","date_gmt":"2021-10-15T09:30:40","guid":{"rendered":"https:\/\/www.henrikskovvvs.dk\/?page_id=3"},"modified":"2024-03-20T13:27:44","modified_gmt":"2024-03-20T13:27:44","slug":"privatlivspolitik","status":"publish","type":"page","link":"https:\/\/www.henrikskovvvs.dk\/index.php\/privatlivspolitik\/","title":{"rendered":"Privatlivspolitik"},"content":{"rendered":"\n<div class=\"wp-block-group alignwide\"><div class=\"wp-block-group__inner-container is-layout-flow wp-block-group-is-layout-flow\">\n<h1 class=\"wp-block-heading\">Persondatapolitik<\/h1>\n\n\n\n<p>N\u00e5r du bes\u00f8ger vores website, indsamles der oplysninger om dig, som bruges til at forbedre din brugeroplevelse og m\u00e5lrette vores markedsf\u00f8ring. Du har til enhver tid mulighed for at \u00e6ndre dit samtykke til cookies. Nedenfor har vi uddybet, hvilke informationer der indsamles, deres form\u00e5l og hvilke tredjeparter, der har adgang til dem.<\/p>\n\n\n\n<h3 class=\"wp-block-heading\">Cookies<\/h3>\n\n\n\n<p>Websitet anvender \u201dcookies\u201d, der er en tekstfil, som gemmes p\u00e5 din computer, mobil el. tilsvarende med det form\u00e5l at genkende den, huske indstillinger, udf\u00f8re statistik og m\u00e5lrette annoncer. Cookies er ikke ulovlige og kan ikke indeholde skadelig kode som f.eks. virus.<\/p>\n\n\n\n<h3 class=\"wp-block-heading\">Cookies p\u00e5 hjemmesiden<\/h3>\n\n\n\n<p>Sitet anvender cookies med flere form\u00e5l. Du kan l\u00e6se om cookietyperne herunder.<\/p>\n\n\n\n<h3 class=\"wp-block-heading\">Tekniske cookies<\/h3>\n\n\n\n<p>Tekniske cookies underst\u00f8tter websitets tekniske funktioner og er n\u00f8dvendige for, at websitet fungerer optimalt. Tekniske cookies har ikke indflydelse p\u00e5 din privatsf\u00e6re, da de ikke registrerer, hvad du s\u00f8ger efter p\u00e5 andre websites.<\/p>\n\n\n\n<h3 class=\"wp-block-heading\">Statistikcookies<\/h3>\n\n\n\n<p>Vi indsamler bl.a. oplysninger om antal bes\u00f8gende p\u00e5 hjemmesiden, hvilke sider der er mest bes\u00f8gte og hvor ofte de bliver bes\u00f8gt. Disse statistikcookies bruges til at optimere designet, brugervenligheden og effektiviteten af vores hjemmeside. Statistikcookies har oftest ingen eller meget lille betydning for din privatsf\u00e6re, da de ikke registrerer, hvad du s\u00f8ger efter p\u00e5 andre websites.<\/p>\n\n\n\n<h3 class=\"wp-block-heading\">Personaliserede cookies<\/h3>\n\n\n\n<p>Personaliserede cookies indsamler dit digitale fodspor p\u00e5 vores website for at give dig mere m\u00e5lrettet og relevant indhold. Form\u00e5let med disse cookies er ikke at indsamle oplysninger til markedsf\u00f8ringsbrug.<\/p>\n\n\n\n<h3 class=\"wp-block-heading\">Markedsf\u00f8ringscookies<\/h3>\n\n\n\n<p>Markedsf\u00f8ringscookies indsamler oplysninger om dine interesser, vaner og aktiviteter for at kunne vise dig relevante annoncer.<\/p>\n\n\n\n<p>I nedenst\u00e5ende cookiedeklaration kan du se, hvilke cookies websitet indeholder, herunder ogs\u00e5 tredjepartscookies.<\/p>\n\n\n\n<h3 class=\"wp-block-heading\">Cookiedeklaration<\/h3>\n\n\n\n<figure class=\"wp-block-table\"><table><tbody><tr><td>Navn<\/td><td>Udgiver og beskrivelse<\/td><td>Udl\u00f8b<\/td><\/tr><tr><td>_ga<\/td><td>Google<br>This cookie is installed by Google Analytics. The cookie is used to calculate visitor, session, campaign data and keep track of site usage for the site\u2019s analytics report. The cookies store information anonymously and assign a randomly generated number to identify unique visitors.<\/td><td>2 years<\/td><\/tr><tr><td>_gid<\/td><td>Google<br>This cookie is installed by Google Analytics. The cookie is used to store information of how visitors use a website and helps in creating an analytics report of how the website is doing. The data collected including the number visitors, the source where they have come from, and the pages viisted in an anonymous form.<\/td><td>1 day<\/td><\/tr><tr><td>_gat<\/td><td>Google<br>This cookies is installed by Google Universal Analytics to throttle the request rate to limit the colllection of data on high traffic sites.<\/td><td>1 minute<\/td><\/tr><\/tbody><\/table><\/figure>\n\n\n\n<h3 class=\"wp-block-heading\">S\u00e5dan afviser eller sletter du cookies<\/h3>\n\n\n\n<p>Du kan til enhver tid slette eller blokere for cookies p\u00e5 din computer ved at \u00e6ndre indstillingerne i din internet-browser. Hvis du sletter eller blokerer cookies, b\u00f8r du v\u00e6re opm\u00e6rksom p\u00e5, at visse funktioner og services p\u00e5 hjemmesiden ikke kan bruges, da disse foruds\u00e6tter, at websitet kan huske dine valg. Derudover risikerer du, at annoncer bliver mindre relevante for dig og optr\u00e6der hyppigere.<\/p>\n\n\n\n<p>L\u00e6s mere om hvordan du afviser eller sletter cookies p\u00e5 din specifikke internet-browser her:&nbsp;<a href=\"http:\/\/minecookies.org\/cookiehandtering\">http:\/\/minecookies.org\/cookiehandtering<\/a><\/p>\n\n\n\n<h2 class=\"wp-block-heading\"><br>Personoplysninger<\/h2>\n\n\n\n<h3 class=\"wp-block-heading\">Generelt<\/h3>\n\n\n\n<p>Personoplysninger er alle slags informationer, der i et eller andet omfang kan henf\u00f8res til dig. N\u00e5r du benytter vores website, indsamler og behandler vi en r\u00e6kke s\u00e5danne informationer. Det sker f.eks. ved alm. tilgang af indhold, hvis du tilmelder dig vores nyhedsbrev, deltager i konkurrencer eller unders\u00f8gelser, registrerer dig som bruger eller abonnent, eller \u00f8vrig brug af services.<\/p>\n\n\n\n<p>Vi indsamler og behandler typisk f\u00f8lgende typer af oplysninger: Et unikt ID og tekniske oplysninger om din computer, tablet eller mobiltelefon, dit IP-nummer, geografisk placering, samt hvilke sider du klikker p\u00e5 (interesser). I det omfang du selv giver eksplicit samtykke hertil og selv indtaster informationerne behandles desuden: Navn, telefonnummer, e-mail, adresse og betalingsoplysninger. Det vil typisk v\u00e6re i forbindelse med udfyldelse af kontaktformular, oprettelse af login eller ved k\u00f8b.<\/p>\n\n\n\n<h3 class=\"wp-block-heading\">Sikkerhed<\/h3>\n\n\n\n<p>Vi har truffet tekniske og organisatoriske foranstaltninger mod, at dine oplysninger h\u00e6ndeligt eller ulovligt bliver slettet, offentliggjort, fortabt, forringet eller kommer til uvedkommendes kendskab, misbruges eller i \u00f8vrigt behandles i strid med lovgivningen.<\/p>\n\n\n\n<h3 class=\"wp-block-heading\">Form\u00e5l<\/h3>\n\n\n\n<p>Oplysningerne bruges til at identificere dig som bruger og vise dig de annoncer, som vil have st\u00f8rst sandsynlighed for at v\u00e6re relevante for dig, at registrere dine k\u00f8b og betalinger, samt at kunne levere de services, du har efterspurgt, som f.eks. at fremsende et nyhedsbrev. Herudover anvender vi oplysningerne til at optimere vores services og indhold.<\/p>\n\n\n\n<h3 class=\"wp-block-heading\">Periode for opbevaring<\/h3>\n\n\n\n<p>Oplysningerne opbevares i det tidsrum, der er tilladt i henhold til lovgivningen, og vi sletter dem, n\u00e5r de ikke l\u00e6ngere er n\u00f8dvendige. Perioden afh\u00e6nger af karakteren af oplysningen og baggrunden for opbevaring. Det er derfor ikke muligt at angive en generel tidsramme for, hvorn\u00e5r informationer slettes.<\/p>\n\n\n\n<h3 class=\"wp-block-heading\">Videregivelse af oplysninger<\/h3>\n\n\n\n<p>Data om din brug af websitet, hvilke annoncer, du modtager og evt. klikker p\u00e5, geografisk placering, k\u00f8n og alderssegment m.v. videregives til tredjeparter i det omfang disse oplysninger er kendt. Du kan se hvilke tredjeparter, der er tale om, i afsnittet om \u201dCookies\u201d ovenfor. Oplysningerne anvendes til m\u00e5lretning af annoncering.<\/p>\n\n\n\n<p>Vi benytter herudover en r\u00e6kke tredjeparter til opbevaring og behandling af data. Disse behandler udelukkende oplysninger p\u00e5 vores vegne og m\u00e5 ikke anvende dem til egne form\u00e5l. Personoplysninger som navn og e-mail m.v. er kun tilg\u00e6ngeligt for os. Vi anvender kun databehandlere i EU eller i lande, der kan give dine oplysninger en tilstr\u00e6kkelig beskyttelse.<\/p>\n\n\n\n<h3 class=\"wp-block-heading\">Indsigt og klager<\/h3>\n\n\n\n<p>Du har ret til at f\u00e5 oplyst, hvilke personoplysninger, vi behandler om dig. Du kan desuden til enhver tid g\u00f8re indsigelse mod, at oplysninger anvendes. Du kan ogs\u00e5 tilbagekalde dit samtykke til, at der bliver behandlet oplysninger om dig. Hvis de oplysninger, der behandles om dig, er forkerte har du ret til, at de bliver rettet eller slettet. Hvis du vil klage over vores behandling af dine personoplysninger, har du ogs\u00e5 mulighed for at kontakte Datatilsynet.<\/p>\n\n\n\n<h3 class=\"wp-block-heading\">Udgiver<\/h3>\n\n\n\n<p>Websitet ejes og publiceres af:<\/p>\n\n\n\n<p>Henrik Skov VVS ApS<\/p>\n<\/div><\/div>\n","protected":false},"excerpt":{"rendered":"<p>Persondatapolitik N\u00e5r du bes\u00f8ger vores website, indsamles der oplysninger om dig, som bruges til at forbedre din brugeroplevelse og m\u00e5lrette [&hellip;]<\/p>\n","protected":false},"author":1,"featured_media":1426,"parent":0,"menu_order":0,"comment_status":"closed","ping_status":"closed","template":"","meta":{"_acf_changed":false,"om_disable_all_campaigns":false,"inline_featured_image":false,"footnotes":""},"class_list":["post-3","page","type-page","status-publish","has-post-thumbnail","hentry"],"acf":[],"yoast_head":"<!-- This site is optimized with the Yoast SEO plugin v24.3 - https:\/\/yoast.com\/wordpress\/plugins\/seo\/ -->\n<title>Privatlivspolitik - Henrik Skov VVS<\/title>\n<meta name=\"description\" content=\"Henrik Skov VVS Privatlivspolitik: L\u00e6s om, hvordan vi beskytter dine data og respekterer dine privatlivsrettigheder. Se vores omfattende privatlivspolitik her.\" \/>\n<meta name=\"robots\" content=\"index, follow, max-snippet:-1, max-image-preview:large, max-video-preview:-1\" \/>\n<link rel=\"canonical\" href=\"https:\/\/www.henrikskovvvs.dk\/index.php\/privatlivspolitik\/\" \/>\n<meta property=\"og:locale\" content=\"en_US\" \/>\n<meta property=\"og:type\" content=\"article\" \/>\n<meta property=\"og:title\" content=\"Privatlivspolitik - Henrik Skov VVS\" \/>\n<meta property=\"og:description\" content=\"Henrik Skov VVS Privatlivspolitik: L\u00e6s om, hvordan vi beskytter dine data og respekterer dine privatlivsrettigheder. Se vores omfattende privatlivspolitik her.\" \/>\n<meta property=\"og:url\" content=\"https:\/\/www.henrikskovvvs.dk\/index.php\/privatlivspolitik\/\" \/>\n<meta property=\"og:site_name\" content=\"Henrik Skov VVS\" \/>\n<meta property=\"article:modified_time\" content=\"2024-03-20T13:27:44+00:00\" \/>\n<meta property=\"og:image\" content=\"https:\/\/www.henrikskovvvs.dk\/wp-content\/uploads\/2022\/07\/220609_5167_JJ_Henrik_Skov_VVS_0026-edited-e1657201526819.jpg\" \/>\n\t<meta property=\"og:image:width\" content=\"1920\" \/>\n\t<meta property=\"og:image:height\" content=\"984\" \/>\n\t<meta property=\"og:image:type\" content=\"image\/jpeg\" \/>\n<meta name=\"twitter:card\" content=\"summary_large_image\" \/>\n<meta name=\"twitter:label1\" content=\"Est. reading time\" \/>\n\t<meta name=\"twitter:data1\" content=\"5 minutes\" \/>\n<script type=\"application\/ld+json\" class=\"yoast-schema-graph\">{\"@context\":\"https:\/\/schema.org\",\"@graph\":[{\"@type\":\"WebPage\",\"@id\":\"https:\/\/www.henrikskovvvs.dk\/index.php\/privatlivspolitik\/\",\"url\":\"https:\/\/www.henrikskovvvs.dk\/index.php\/privatlivspolitik\/\",\"name\":\"Privatlivspolitik - Henrik Skov VVS\",\"isPartOf\":{\"@id\":\"https:\/\/www.henrikskovvvs.dk\/#website\"},\"primaryImageOfPage\":{\"@id\":\"https:\/\/www.henrikskovvvs.dk\/index.php\/privatlivspolitik\/#primaryimage\"},\"image\":{\"@id\":\"https:\/\/www.henrikskovvvs.dk\/index.php\/privatlivspolitik\/#primaryimage\"},\"thumbnailUrl\":\"https:\/\/www.henrikskovvvs.dk\/wp-content\/uploads\/2022\/07\/220609_5167_JJ_Henrik_Skov_VVS_0026-edited-e1657201526819.jpg\",\"datePublished\":\"2021-10-15T09:30:40+00:00\",\"dateModified\":\"2024-03-20T13:27:44+00:00\",\"description\":\"Henrik Skov VVS Privatlivspolitik: L\u00e6s om, hvordan vi beskytter dine data og respekterer dine privatlivsrettigheder. Se vores omfattende privatlivspolitik her.\",\"breadcrumb\":{\"@id\":\"https:\/\/www.henrikskovvvs.dk\/index.php\/privatlivspolitik\/#breadcrumb\"},\"inLanguage\":\"en-US\",\"potentialAction\":[{\"@type\":\"ReadAction\",\"target\":[\"https:\/\/www.henrikskovvvs.dk\/index.php\/privatlivspolitik\/\"]}]},{\"@type\":\"ImageObject\",\"inLanguage\":\"en-US\",\"@id\":\"https:\/\/www.henrikskovvvs.dk\/index.php\/privatlivspolitik\/#primaryimage\",\"url\":\"https:\/\/www.henrikskovvvs.dk\/wp-content\/uploads\/2022\/07\/220609_5167_JJ_Henrik_Skov_VVS_0026-edited-e1657201526819.jpg\",\"contentUrl\":\"https:\/\/www.henrikskovvvs.dk\/wp-content\/uploads\/2022\/07\/220609_5167_JJ_Henrik_Skov_VVS_0026-edited-e1657201526819.jpg\",\"width\":1920,\"height\":984,\"caption\":\"Henrik Skov VVS team af medarbejdere st\u00e5r uden for hovedkvarteret\"},{\"@type\":\"BreadcrumbList\",\"@id\":\"https:\/\/www.henrikskovvvs.dk\/index.php\/privatlivspolitik\/#breadcrumb\",\"itemListElement\":[{\"@type\":\"ListItem\",\"position\":1,\"name\":\"Home\",\"item\":\"https:\/\/www.henrikskovvvs.dk\/\"},{\"@type\":\"ListItem\",\"position\":2,\"name\":\"Privatlivspolitik\"}]},{\"@type\":\"WebSite\",\"@id\":\"https:\/\/www.henrikskovvvs.dk\/#website\",\"url\":\"https:\/\/www.henrikskovvvs.dk\/\",\"name\":\"Henrik Skov VVS\",\"description\":\"\",\"publisher\":{\"@id\":\"https:\/\/www.henrikskovvvs.dk\/#organization\"},\"potentialAction\":[{\"@type\":\"SearchAction\",\"target\":{\"@type\":\"EntryPoint\",\"urlTemplate\":\"https:\/\/www.henrikskovvvs.dk\/?s={search_term_string}\"},\"query-input\":{\"@type\":\"PropertyValueSpecification\",\"valueRequired\":true,\"valueName\":\"search_term_string\"}}],\"inLanguage\":\"en-US\"},{\"@type\":\"Organization\",\"@id\":\"https:\/\/www.henrikskovvvs.dk\/#organization\",\"name\":\"Henrik Skov VVS\",\"url\":\"https:\/\/www.henrikskovvvs.dk\/\",\"logo\":{\"@type\":\"ImageObject\",\"inLanguage\":\"en-US\",\"@id\":\"https:\/\/www.henrikskovvvs.dk\/#\/schema\/logo\/image\/\",\"url\":\"https:\/\/www.henrikskovvvs.dk\/wp-content\/uploads\/2022\/07\/Henrik-Skov-VVS_logo.svg\",\"contentUrl\":\"https:\/\/www.henrikskovvvs.dk\/wp-content\/uploads\/2022\/07\/Henrik-Skov-VVS_logo.svg\",\"width\":160,\"height\":160,\"caption\":\"Henrik Skov VVS\"},\"image\":{\"@id\":\"https:\/\/www.henrikskovvvs.dk\/#\/schema\/logo\/image\/\"}}]}<\/script>\n<!-- \/ Yoast SEO plugin. -->","yoast_head_json":{"title":"Privatlivspolitik - Henrik Skov VVS","description":"Henrik Skov VVS Privatlivspolitik: L\u00e6s om, hvordan vi beskytter dine data og respekterer dine privatlivsrettigheder. Se vores omfattende privatlivspolitik her.","robots":{"index":"index","follow":"follow","max-snippet":"max-snippet:-1","max-image-preview":"max-image-preview:large","max-video-preview":"max-video-preview:-1"},"canonical":"https:\/\/www.henrikskovvvs.dk\/index.php\/privatlivspolitik\/","og_locale":"en_US","og_type":"article","og_title":"Privatlivspolitik - Henrik Skov VVS","og_description":"Henrik Skov VVS Privatlivspolitik: L\u00e6s om, hvordan vi beskytter dine data og respekterer dine privatlivsrettigheder. Se vores omfattende privatlivspolitik her.","og_url":"https:\/\/www.henrikskovvvs.dk\/index.php\/privatlivspolitik\/","og_site_name":"Henrik Skov VVS","article_modified_time":"2024-03-20T13:27:44+00:00","og_image":[{"width":1920,"height":984,"url":"https:\/\/www.henrikskovvvs.dk\/wp-content\/uploads\/2022\/07\/220609_5167_JJ_Henrik_Skov_VVS_0026-edited-e1657201526819.jpg","type":"image\/jpeg"}],"twitter_card":"summary_large_image","twitter_misc":{"Est. reading time":"5 minutes"},"schema":{"@context":"https:\/\/schema.org","@graph":[{"@type":"WebPage","@id":"https:\/\/www.henrikskovvvs.dk\/index.php\/privatlivspolitik\/","url":"https:\/\/www.henrikskovvvs.dk\/index.php\/privatlivspolitik\/","name":"Privatlivspolitik - Henrik Skov VVS","isPartOf":{"@id":"https:\/\/www.henrikskovvvs.dk\/#website"},"primaryImageOfPage":{"@id":"https:\/\/www.henrikskovvvs.dk\/index.php\/privatlivspolitik\/#primaryimage"},"image":{"@id":"https:\/\/www.henrikskovvvs.dk\/index.php\/privatlivspolitik\/#primaryimage"},"thumbnailUrl":"https:\/\/www.henrikskovvvs.dk\/wp-content\/uploads\/2022\/07\/220609_5167_JJ_Henrik_Skov_VVS_0026-edited-e1657201526819.jpg","datePublished":"2021-10-15T09:30:40+00:00","dateModified":"2024-03-20T13:27:44+00:00","description":"Henrik Skov VVS Privatlivspolitik: L\u00e6s om, hvordan vi beskytter dine data og respekterer dine privatlivsrettigheder. Se vores omfattende privatlivspolitik her.","breadcrumb":{"@id":"https:\/\/www.henrikskovvvs.dk\/index.php\/privatlivspolitik\/#breadcrumb"},"inLanguage":"en-US","potentialAction":[{"@type":"ReadAction","target":["https:\/\/www.henrikskovvvs.dk\/index.php\/privatlivspolitik\/"]}]},{"@type":"ImageObject","inLanguage":"en-US","@id":"https:\/\/www.henrikskovvvs.dk\/index.php\/privatlivspolitik\/#primaryimage","url":"https:\/\/www.henrikskovvvs.dk\/wp-content\/uploads\/2022\/07\/220609_5167_JJ_Henrik_Skov_VVS_0026-edited-e1657201526819.jpg","contentUrl":"https:\/\/www.henrikskovvvs.dk\/wp-content\/uploads\/2022\/07\/220609_5167_JJ_Henrik_Skov_VVS_0026-edited-e1657201526819.jpg","width":1920,"height":984,"caption":"Henrik Skov VVS team af medarbejdere st\u00e5r uden for hovedkvarteret"},{"@type":"BreadcrumbList","@id":"https:\/\/www.henrikskovvvs.dk\/index.php\/privatlivspolitik\/#breadcrumb","itemListElement":[{"@type":"ListItem","position":1,"name":"Home","item":"https:\/\/www.henrikskovvvs.dk\/"},{"@type":"ListItem","position":2,"name":"Privatlivspolitik"}]},{"@type":"WebSite","@id":"https:\/\/www.henrikskovvvs.dk\/#website","url":"https:\/\/www.henrikskovvvs.dk\/","name":"Henrik Skov VVS","description":"","publisher":{"@id":"https:\/\/www.henrikskovvvs.dk\/#organization"},"potentialAction":[{"@type":"SearchAction","target":{"@type":"EntryPoint","urlTemplate":"https:\/\/www.henrikskovvvs.dk\/?s={search_term_string}"},"query-input":{"@type":"PropertyValueSpecification","valueRequired":true,"valueName":"search_term_string"}}],"inLanguage":"en-US"},{"@type":"Organization","@id":"https:\/\/www.henrikskovvvs.dk\/#organization","name":"Henrik Skov VVS","url":"https:\/\/www.henrikskovvvs.dk\/","logo":{"@type":"ImageObject","inLanguage":"en-US","@id":"https:\/\/www.henrikskovvvs.dk\/#\/schema\/logo\/image\/","url":"https:\/\/www.henrikskovvvs.dk\/wp-content\/uploads\/2022\/07\/Henrik-Skov-VVS_logo.svg","contentUrl":"https:\/\/www.henrikskovvvs.dk\/wp-content\/uploads\/2022\/07\/Henrik-Skov-VVS_logo.svg","width":160,"height":160,"caption":"Henrik Skov VVS"},"image":{"@id":"https:\/\/www.henrikskovvvs.dk\/#\/schema\/logo\/image\/"}}]}},"_links":{"self":[{"href":"https:\/\/www.henrikskovvvs.dk\/index.php\/wp-json\/wp\/v2\/pages\/3","targetHints":{"allow":["GET"]}}],"collection":[{"href":"https:\/\/www.henrikskovvvs.dk\/index.php\/wp-json\/wp\/v2\/pages"}],"about":[{"href":"https:\/\/www.henrikskovvvs.dk\/index.php\/wp-json\/wp\/v2\/types\/page"}],"author":[{"embeddable":true,"href":"https:\/\/www.henrikskovvvs.dk\/index.php\/wp-json\/wp\/v2\/users\/1"}],"replies":[{"embeddable":true,"href":"https:\/\/www.henrikskovvvs.dk\/index.php\/wp-json\/wp\/v2\/comments?post=3"}],"version-history":[{"count":10,"href":"https:\/\/www.henrikskovvvs.dk\/index.php\/wp-json\/wp\/v2\/pages\/3\/revisions"}],"predecessor-version":[{"id":1554,"href":"https:\/\/www.henrikskovvvs.dk\/index.php\/wp-json\/wp\/v2\/pages\/3\/revisions\/1554"}],"wp:featuredmedia":[{"embeddable":true,"href":"https:\/\/www.henrikskovvvs.dk\/index.php\/wp-json\/wp\/v2\/media\/1426"}],"wp:attachment":[{"href":"https:\/\/www.henrikskovvvs.dk\/index.php\/wp-json\/wp\/v2\/media?parent=3"}],"curies":[{"name":"wp","href":"https:\/\/api.w.org\/{rel}","templated":true}]}}