{"id":1679,"date":"2023-10-27T11:32:48","date_gmt":"2023-10-27T11:32:48","guid":{"rendered":"https:\/\/www.henrikskovvvs.dk\/?page_id=1679"},"modified":"2026-01-16T14:01:32","modified_gmt":"2026-01-16T14:01:32","slug":"montering-af-gaskedler-og-komfurer","status":"publish","type":"page","link":"https:\/\/www.henrikskovvvs.dk\/index.php\/montering-af-gaskedler-og-komfurer\/","title":{"rendered":"Montering af gaskedler og komfurer"},"content":{"rendered":"\n<div class=\"wp-block-group has-light-grey-color has-light-blue-background-color has-text-color has-background\"><div class=\"wp-block-group__inner-container is-layout-flow wp-block-group-is-layout-flow\">\n<div class=\"wp-block-columns is-layout-flex wp-container-core-columns-is-layout-9d6595d7 wp-block-columns-is-layout-flex\">\n<div class=\"wp-block-column is-layout-flow wp-block-column-is-layout-flow\" style=\"flex-basis:1200px\">\n<h1 class=\"wp-block-heading has-light-grey-color has-text-color\">Montering af gaskedler og komfurer<\/h1>\n\n\n\n<p>Gas er en uundv\u00e6rlig energikilde, som bliver anvendt i flere danske hjem til alt fra opvarmning til madlavning. Hvis du selv anvender gas derhjemme, er det derfor vigtigt, at det altid fungerer korrekt og sikkert \u2013 ellers kan gassen forvolde alvorlig skade p\u00e5 dig og dit hjem.<\/p>\n\n\n\n<p>Hos Henrik Skov VVS har vi mere end 20 \u00e5rs erfaring med montering af gaskedler og komfurer. Vi st\u00e5r altid klar til at hj\u00e6lpe dig med installeringen eller udskiftningen af din gaskedel eller komfur.<\/p>\n<\/div>\n<\/div>\n\n\n<div class=\"wp-block-image offset-bottom\">\n<figure class=\"aligncenter size-full\"><img loading=\"lazy\" decoding=\"async\" width=\"1536\" height=\"432\" src=\"https:\/\/www.henrikskovvvs.dk\/wp-content\/uploads\/2023\/11\/gas-1931626-format-32-9@1536@desktop.jpg\" alt=\"Fire v\u00e6gmonterede Vaillant gasfyr i hvidt design, vist side om side mod en gr\u00f8n baggrund.\" class=\"wp-image-1701\" srcset=\"https:\/\/www.henrikskovvvs.dk\/wp-content\/uploads\/2023\/11\/gas-1931626-format-32-9@1536@desktop.jpg 1536w, https:\/\/www.henrikskovvvs.dk\/wp-content\/uploads\/2023\/11\/gas-1931626-format-32-9@1536@desktop-500x141.jpg 500w, https:\/\/www.henrikskovvvs.dk\/wp-content\/uploads\/2023\/11\/gas-1931626-format-32-9@1536@desktop-200x56.jpg 200w, https:\/\/www.henrikskovvvs.dk\/wp-content\/uploads\/2023\/11\/gas-1931626-format-32-9@1536@desktop-768x216.jpg 768w\" sizes=\"auto, (max-width: 1536px) 100vw, 1536px\" \/><\/figure><\/div><\/div><\/div>\n\n\n\n<div class=\"wp-block-group\"><div class=\"wp-block-group__inner-container is-layout-flow wp-block-group-is-layout-flow\">\n<div class=\"wp-block-columns is-layout-flex wp-container-core-columns-is-layout-9d6595d7 wp-block-columns-is-layout-flex\">\n<div class=\"wp-block-column is-layout-flow wp-block-column-is-layout-flow\" style=\"flex-basis:1200px\">\n<p><\/p>\n\n\n\n<p><\/p>\n\n\n\n<h2 class=\"wp-block-heading\">Reparation af gasl\u00e6kager<\/h2>\n\n\n\n<p>En gasl\u00e6kage kan v\u00e6re farlig. Faktisk kan den i v\u00e6rste fald f\u00f8re til eksplosioner og forgiftning. Hvis du derfor mist\u00e6nker, at der er sket en gasl\u00e6kage i dit hjem, skal du omg\u00e5ende bestille en fagmand \u2013 og hellere \u00e9n gang for meget end \u00e9n gang for lidt.<\/p>\n\n\n\n<h2 class=\"wp-block-heading\">Installation af gasapparater<\/h2>\n\n\n\n<p>Hvis du gerne vil have nye gasapparater i dit hjem, det kan for eksempel v\u00e6re et gaskomfur eller en gaskedel, s\u00e5 kan vi ogs\u00e5 hj\u00e6lpe dig. Det kan vi naturligvis ogs\u00e5, hvis du i stedet vil have udskiftet dine nuv\u00e6rende gasapparater. I begge tilf\u00e6lde er det nemlig vigtigt, at du overlader installationen til en professionel VVS-installat\u00f8r. Kun p\u00e5 den m\u00e5de kan du v\u00e6re sikker p\u00e5, at installationen er udf\u00f8rt korrekt og sikkert.<\/p>\n\n\n\n<p>Hos Henrik Skov VVS har vi stor erfaring med og viden om gaskedler og komfurer, ligesom vi ogs\u00e5 har den rette autorisation til at udf\u00f8re VVS-arbejde. N\u00e5r du v\u00e6lger os til opgaven, s\u00f8rger vi for, at alle apparaterne bliver tilsluttet korrekt \u2013 og naturligvis ogs\u00e5 fungerer korrekt. P\u00e5 den m\u00e5de undg\u00e5r du gasl\u00e6kager og andre farlige situationer.<\/p>\n\n\n\n<h2 class=\"wp-block-heading\">Opgradering af gaskedel og komfur<\/h2>\n\n\n\n<p>Som det ogs\u00e5 er tilf\u00e6ldet med al anden teknologi, vil gaskedlen og komfuret blive for\u00e6ldet over tid. Hvis du har en gammel gaskedel derhjemme, hj\u00e6lper vi selvf\u00f8lgelig med bortskaffelsen af den gamle og monteringen af den nye gaskedel. P\u00e5 samme m\u00e5de g\u00f8r vi det selvf\u00f8lgelig ogs\u00e5 med dit komfur. &nbsp;<\/p>\n<\/div>\n<\/div>\n<\/div><\/div>\n","protected":false},"excerpt":{"rendered":"<p>Montering af gaskedler og komfurer Gas er en uundv\u00e6rlig energikilde, som bliver anvendt i flere danske hjem til alt fra [&hellip;]<\/p>\n","protected":false},"author":3,"featured_media":0,"parent":0,"menu_order":0,"comment_status":"closed","ping_status":"closed","template":"","meta":{"_acf_changed":false,"om_disable_all_campaigns":false,"inline_featured_image":false,"footnotes":""},"class_list":["post-1679","page","type-page","status-publish","hentry"],"acf":[],"yoast_head":"<!-- This site is optimized with the Yoast SEO plugin v24.3 - https:\/\/yoast.com\/wordpress\/plugins\/seo\/ -->\n<title>Montering af gaskedler og komfurer - Henrik Skov VVS<\/title>\n<meta name=\"description\" content=\"Sikre og effektive gaskedler og ovne er vores speciale. Henrik Skov VVS garanterer professionel installation og hurtig reparation.\" \/>\n<meta name=\"robots\" content=\"index, follow, max-snippet:-1, max-image-preview:large, max-video-preview:-1\" \/>\n<link rel=\"canonical\" href=\"https:\/\/www.henrikskovvvs.dk\/index.php\/montering-af-gaskedler-og-komfurer\/\" \/>\n<meta property=\"og:locale\" content=\"en_US\" \/>\n<meta property=\"og:type\" content=\"article\" \/>\n<meta property=\"og:title\" content=\"Montering af gaskedler og komfurer - Henrik Skov VVS\" \/>\n<meta property=\"og:description\" content=\"Sikre og effektive gaskedler og ovne er vores speciale. Henrik Skov VVS garanterer professionel installation og hurtig reparation.\" \/>\n<meta property=\"og:url\" content=\"https:\/\/www.henrikskovvvs.dk\/index.php\/montering-af-gaskedler-og-komfurer\/\" \/>\n<meta property=\"og:site_name\" content=\"Henrik Skov VVS\" \/>\n<meta property=\"article:modified_time\" content=\"2026-01-16T14:01:32+00:00\" \/>\n<meta property=\"og:image\" content=\"https:\/\/www.henrikskovvvs.dk\/wp-content\/uploads\/2023\/11\/gas-1931626-format-32-9@1536@desktop.jpg\" \/>\n\t<meta property=\"og:image:width\" content=\"1536\" \/>\n\t<meta property=\"og:image:height\" content=\"432\" \/>\n\t<meta property=\"og:image:type\" content=\"image\/jpeg\" \/>\n<meta name=\"twitter:card\" content=\"summary_large_image\" \/>\n<meta name=\"twitter:label1\" content=\"Est. reading time\" \/>\n\t<meta name=\"twitter:data1\" content=\"2 minutes\" \/>\n<script type=\"application\/ld+json\" class=\"yoast-schema-graph\">{\"@context\":\"https:\/\/schema.org\",\"@graph\":[{\"@type\":\"WebPage\",\"@id\":\"https:\/\/www.henrikskovvvs.dk\/index.php\/montering-af-gaskedler-og-komfurer\/\",\"url\":\"https:\/\/www.henrikskovvvs.dk\/index.php\/montering-af-gaskedler-og-komfurer\/\",\"name\":\"Montering af gaskedler og komfurer - Henrik Skov VVS\",\"isPartOf\":{\"@id\":\"https:\/\/www.henrikskovvvs.dk\/#website\"},\"primaryImageOfPage\":{\"@id\":\"https:\/\/www.henrikskovvvs.dk\/index.php\/montering-af-gaskedler-og-komfurer\/#primaryimage\"},\"image\":{\"@id\":\"https:\/\/www.henrikskovvvs.dk\/index.php\/montering-af-gaskedler-og-komfurer\/#primaryimage\"},\"thumbnailUrl\":\"https:\/\/www.henrikskovvvs.dk\/wp-content\/uploads\/2023\/11\/gas-1931626-format-32-9@1536@desktop.jpg\",\"datePublished\":\"2023-10-27T11:32:48+00:00\",\"dateModified\":\"2026-01-16T14:01:32+00:00\",\"description\":\"Sikre og effektive gaskedler og ovne er vores speciale. Henrik Skov VVS garanterer professionel installation og hurtig reparation.\",\"breadcrumb\":{\"@id\":\"https:\/\/www.henrikskovvvs.dk\/index.php\/montering-af-gaskedler-og-komfurer\/#breadcrumb\"},\"inLanguage\":\"en-US\",\"potentialAction\":[{\"@type\":\"ReadAction\",\"target\":[\"https:\/\/www.henrikskovvvs.dk\/index.php\/montering-af-gaskedler-og-komfurer\/\"]}]},{\"@type\":\"ImageObject\",\"inLanguage\":\"en-US\",\"@id\":\"https:\/\/www.henrikskovvvs.dk\/index.php\/montering-af-gaskedler-og-komfurer\/#primaryimage\",\"url\":\"https:\/\/www.henrikskovvvs.dk\/wp-content\/uploads\/2023\/11\/gas-1931626-format-32-9@1536@desktop.jpg\",\"contentUrl\":\"https:\/\/www.henrikskovvvs.dk\/wp-content\/uploads\/2023\/11\/gas-1931626-format-32-9@1536@desktop.jpg\",\"width\":1536,\"height\":432,\"caption\":\"Vaillant kedler\"},{\"@type\":\"BreadcrumbList\",\"@id\":\"https:\/\/www.henrikskovvvs.dk\/index.php\/montering-af-gaskedler-og-komfurer\/#breadcrumb\",\"itemListElement\":[{\"@type\":\"ListItem\",\"position\":1,\"name\":\"Home\",\"item\":\"https:\/\/www.henrikskovvvs.dk\/\"},{\"@type\":\"ListItem\",\"position\":2,\"name\":\"Montering af gaskedler og komfurer\"}]},{\"@type\":\"WebSite\",\"@id\":\"https:\/\/www.henrikskovvvs.dk\/#website\",\"url\":\"https:\/\/www.henrikskovvvs.dk\/\",\"name\":\"Henrik Skov VVS\",\"description\":\"\",\"publisher\":{\"@id\":\"https:\/\/www.henrikskovvvs.dk\/#organization\"},\"potentialAction\":[{\"@type\":\"SearchAction\",\"target\":{\"@type\":\"EntryPoint\",\"urlTemplate\":\"https:\/\/www.henrikskovvvs.dk\/?s={search_term_string}\"},\"query-input\":{\"@type\":\"PropertyValueSpecification\",\"valueRequired\":true,\"valueName\":\"search_term_string\"}}],\"inLanguage\":\"en-US\"},{\"@type\":\"Organization\",\"@id\":\"https:\/\/www.henrikskovvvs.dk\/#organization\",\"name\":\"Henrik Skov VVS\",\"url\":\"https:\/\/www.henrikskovvvs.dk\/\",\"logo\":{\"@type\":\"ImageObject\",\"inLanguage\":\"en-US\",\"@id\":\"https:\/\/www.henrikskovvvs.dk\/#\/schema\/logo\/image\/\",\"url\":\"https:\/\/www.henrikskovvvs.dk\/wp-content\/uploads\/2022\/07\/Henrik-Skov-VVS_logo.svg\",\"contentUrl\":\"https:\/\/www.henrikskovvvs.dk\/wp-content\/uploads\/2022\/07\/Henrik-Skov-VVS_logo.svg\",\"width\":160,\"height\":160,\"caption\":\"Henrik Skov VVS\"},\"image\":{\"@id\":\"https:\/\/www.henrikskovvvs.dk\/#\/schema\/logo\/image\/\"}}]}<\/script>\n<!-- \/ Yoast SEO plugin. -->","yoast_head_json":{"title":"Montering af gaskedler og komfurer - Henrik Skov VVS","description":"Sikre og effektive gaskedler og ovne er vores speciale. Henrik Skov VVS garanterer professionel installation og hurtig reparation.","robots":{"index":"index","follow":"follow","max-snippet":"max-snippet:-1","max-image-preview":"max-image-preview:large","max-video-preview":"max-video-preview:-1"},"canonical":"https:\/\/www.henrikskovvvs.dk\/index.php\/montering-af-gaskedler-og-komfurer\/","og_locale":"en_US","og_type":"article","og_title":"Montering af gaskedler og komfurer - Henrik Skov VVS","og_description":"Sikre og effektive gaskedler og ovne er vores speciale. Henrik Skov VVS garanterer professionel installation og hurtig reparation.","og_url":"https:\/\/www.henrikskovvvs.dk\/index.php\/montering-af-gaskedler-og-komfurer\/","og_site_name":"Henrik Skov VVS","article_modified_time":"2026-01-16T14:01:32+00:00","og_image":[{"width":1536,"height":432,"url":"https:\/\/www.henrikskovvvs.dk\/wp-content\/uploads\/2023\/11\/gas-1931626-format-32-9@1536@desktop.jpg","type":"image\/jpeg"}],"twitter_card":"summary_large_image","twitter_misc":{"Est. reading time":"2 minutes"},"schema":{"@context":"https:\/\/schema.org","@graph":[{"@type":"WebPage","@id":"https:\/\/www.henrikskovvvs.dk\/index.php\/montering-af-gaskedler-og-komfurer\/","url":"https:\/\/www.henrikskovvvs.dk\/index.php\/montering-af-gaskedler-og-komfurer\/","name":"Montering af gaskedler og komfurer - Henrik Skov VVS","isPartOf":{"@id":"https:\/\/www.henrikskovvvs.dk\/#website"},"primaryImageOfPage":{"@id":"https:\/\/www.henrikskovvvs.dk\/index.php\/montering-af-gaskedler-og-komfurer\/#primaryimage"},"image":{"@id":"https:\/\/www.henrikskovvvs.dk\/index.php\/montering-af-gaskedler-og-komfurer\/#primaryimage"},"thumbnailUrl":"https:\/\/www.henrikskovvvs.dk\/wp-content\/uploads\/2023\/11\/gas-1931626-format-32-9@1536@desktop.jpg","datePublished":"2023-10-27T11:32:48+00:00","dateModified":"2026-01-16T14:01:32+00:00","description":"Sikre og effektive gaskedler og ovne er vores speciale. Henrik Skov VVS garanterer professionel installation og hurtig reparation.","breadcrumb":{"@id":"https:\/\/www.henrikskovvvs.dk\/index.php\/montering-af-gaskedler-og-komfurer\/#breadcrumb"},"inLanguage":"en-US","potentialAction":[{"@type":"ReadAction","target":["https:\/\/www.henrikskovvvs.dk\/index.php\/montering-af-gaskedler-og-komfurer\/"]}]},{"@type":"ImageObject","inLanguage":"en-US","@id":"https:\/\/www.henrikskovvvs.dk\/index.php\/montering-af-gaskedler-og-komfurer\/#primaryimage","url":"https:\/\/www.henrikskovvvs.dk\/wp-content\/uploads\/2023\/11\/gas-1931626-format-32-9@1536@desktop.jpg","contentUrl":"https:\/\/www.henrikskovvvs.dk\/wp-content\/uploads\/2023\/11\/gas-1931626-format-32-9@1536@desktop.jpg","width":1536,"height":432,"caption":"Vaillant kedler"},{"@type":"BreadcrumbList","@id":"https:\/\/www.henrikskovvvs.dk\/index.php\/montering-af-gaskedler-og-komfurer\/#breadcrumb","itemListElement":[{"@type":"ListItem","position":1,"name":"Home","item":"https:\/\/www.henrikskovvvs.dk\/"},{"@type":"ListItem","position":2,"name":"Montering af gaskedler og komfurer"}]},{"@type":"WebSite","@id":"https:\/\/www.henrikskovvvs.dk\/#website","url":"https:\/\/www.henrikskovvvs.dk\/","name":"Henrik Skov VVS","description":"","publisher":{"@id":"https:\/\/www.henrikskovvvs.dk\/#organization"},"potentialAction":[{"@type":"SearchAction","target":{"@type":"EntryPoint","urlTemplate":"https:\/\/www.henrikskovvvs.dk\/?s={search_term_string}"},"query-input":{"@type":"PropertyValueSpecification","valueRequired":true,"valueName":"search_term_string"}}],"inLanguage":"en-US"},{"@type":"Organization","@id":"https:\/\/www.henrikskovvvs.dk\/#organization","name":"Henrik Skov VVS","url":"https:\/\/www.henrikskovvvs.dk\/","logo":{"@type":"ImageObject","inLanguage":"en-US","@id":"https:\/\/www.henrikskovvvs.dk\/#\/schema\/logo\/image\/","url":"https:\/\/www.henrikskovvvs.dk\/wp-content\/uploads\/2022\/07\/Henrik-Skov-VVS_logo.svg","contentUrl":"https:\/\/www.henrikskovvvs.dk\/wp-content\/uploads\/2022\/07\/Henrik-Skov-VVS_logo.svg","width":160,"height":160,"caption":"Henrik Skov VVS"},"image":{"@id":"https:\/\/www.henrikskovvvs.dk\/#\/schema\/logo\/image\/"}}]}},"_links":{"self":[{"href":"https:\/\/www.henrikskovvvs.dk\/index.php\/wp-json\/wp\/v2\/pages\/1679","targetHints":{"allow":["GET"]}}],"collection":[{"href":"https:\/\/www.henrikskovvvs.dk\/index.php\/wp-json\/wp\/v2\/pages"}],"about":[{"href":"https:\/\/www.henrikskovvvs.dk\/index.php\/wp-json\/wp\/v2\/types\/page"}],"author":[{"embeddable":true,"href":"https:\/\/www.henrikskovvvs.dk\/index.php\/wp-json\/wp\/v2\/users\/3"}],"replies":[{"embeddable":true,"href":"https:\/\/www.henrikskovvvs.dk\/index.php\/wp-json\/wp\/v2\/comments?post=1679"}],"version-history":[{"count":6,"href":"https:\/\/www.henrikskovvvs.dk\/index.php\/wp-json\/wp\/v2\/pages\/1679\/revisions"}],"predecessor-version":[{"id":1938,"href":"https:\/\/www.henrikskovvvs.dk\/index.php\/wp-json\/wp\/v2\/pages\/1679\/revisions\/1938"}],"wp:attachment":[{"href":"https:\/\/www.henrikskovvvs.dk\/index.php\/wp-json\/wp\/v2\/media?parent=1679"}],"curies":[{"name":"wp","href":"https:\/\/api.w.org\/{rel}","templated":true}]}}